= 24*v**2 - 30*v - 47. What are the prime factors of p(-9)?
11, 197
Let q(g) = -22*g + 6. Let v be q(1). What are the prime factors of (291/6)/((-8)/v)?
97
Suppose 19 = -2*u + 5*l, -4*l + 13 = u + l. What are the prime factors of 5/(10/(-89))*u?
89
Let s(d) = 3 + 39*d + 5 - 15*d - 4*d**2. List the prime factors of s(6).
2
Let w(x) = -x**3 + 13*x**2 - 11*x - 8. Let c be w(12). Suppose -6*r + 8*r - c = 0. Suppose r*y - 3*y = -54. What are the prime factors of y?
2, 3
Let t(g) = -2*g**2 + 24*g - 7. Let p be t(12). What are the prime factors of (-6)/42 - 925/p?
2, 3, 11
Suppose 15 + 16 = w. Let z = 87 - w. Suppose -8*x = -4*x - z. What are the prime factors of x?
2, 7
Let s(n) = -2*n - 75. Let c be s(29). Let f = -68 - c. List the prime factors of f.
5, 13
Let c(t) = t**2 + t + 35. List the prime factors of c(-17).
307
Let x = 1129 - 651. List the prime factors of x.
2, 239
What are the prime factors of 7/(35/30) - -1262?
2, 317
Let t = 23010 + -14360. List the prime factors of ((2 + 0)/1)/(100/t).
173
Let h = 270 - -877. List the prime factors of h.
31, 37
What are the prime factors of -3*(-1 + 24/18) - -547?
2, 3, 7, 13
What are the prime factors of 16912/126 - 4/18?
2, 67
Let n(p) = p**3 - 13*p**2 + 12*p + 5. Let f be n(12). Let l be 2 - f/(15/(-12)). Suppose 8*d = l*d + 74. List the prime factors of d.
37
Suppose -7*m - 43 = -393. Suppose -4*z + 166 + m = 0. List the prime factors of z.
2, 3
Suppose 6346 + 4089 = 3*r - 2*a, a + 13920 = 4*r. What are the prime factors of r?
59
What are the prime factors of (21/9 - 4) + (-5680)/(-24)?
5, 47
Suppose -5*i = 19*m - 22*m - 8939, 0 = -i + 2*m + 1785. List the prime factors of i.
1789
Let w(m) be the third derivative of -5*m**4/24 + 3*m**3/2 - 6*m**2. Let f be w(-4). Suppose -3*s + 10 = -f. List the prime factors of s.
13
Let o = -21 - -27. List the prime factors of (o + -3 - 1) + 70.
2, 3
Suppose -62*f + 3*m - 12555 = -65*f, -2*m - 4179 = -f. List the prime factors of f.
47, 89
Suppose 5*d = -25, 2*u + 0 = -4*d - 4. Let f = -11 + 16. Let m = u - f. List the prime factors of m.
3
Suppose 0 = 6*d - 258 + 696. Let q = 305 + d. What are the prime factors of q?
2, 29
Let j(o) be the first derivative of 22*o**3/3 + 23*o**2/2 + 5*o - 13. List the prime factors of j(-4).
5, 53
Suppose 31*j - 1809 = 2810. What are the prime factors of j?
149
Let y be 8/(-6)*18/(-12). Let v(g) = -g**2 + 21*g - 39. Let d be v(8). Suppose 3*u + 2*p + 56 - 144 = 0, -d = -y*u + 5*p. List the prime factors of u.
2, 3, 5
Suppose -186 = 2*t - 830. What are the prime factors of t?
2, 7, 23
Let z be (-5)/15 + 178*(-2)/(-6). Suppose -z = -5*k + 41. List the prime factors of k.
2, 5
Suppose -8 = -8*s + 152. Let l = s - 18. What are the prime factors of l?
2
Let w = -73 + 78. List the prime factors of w/(-10)*-110 - (0 + 3).
2, 13
Let c be -28 + (-6*1 - -2) + 0. What are the prime factors of (303/(-2))/(24/c) - -3?
5, 41
Let w = -1124 - -1936. What are the prime factors of w?
2, 7, 29
Suppose -a + 353 = 46. Suppose 0*g = -3*g - 3*m + 210, -a = -4*g + 5*m. List the prime factors of g.
73
Let q(b) = 3*b + 25. Let z be q(9). Let g = z + -21. What are the prime factors of g?
31
Let s be (-3)/(-3)*125/5. Let w be s/(-9) + 28/(-126). List the prime factors of (-117)/(-5) - w/5.
2, 3
Suppose 24446 = 21*a - 3946. What are the prime factors of a?
2, 13
Let p(x) = x**2 + 32*x + 8. List the prime factors of p(40).
2, 19
Let m = 44 + 170. What are the prime factors of m?
2, 107
Let m be (-5 + 0)/10*-4. Suppose 0*u = 5*u + 2*p - 431, -m*u - 2*p + 170 = 0. What are the prime factors of u?
3, 29
Let j(i) = -2*i - 3. Let m be j(-4). Let s(n) = -n**3 - 34*n**2 + 3*n + 127. Let x be s(-34). List the prime factors of ((-132)/(-20))/(m/x).
3, 11
Suppose 6*j - 27402 = 1104. List the prime factors of j.
4751
Let r be (13/26)/(1/(-2))*31. Let o = -26 - r. List the prime factors of o.
5
Suppose 5*y = y - 5*a + 33, 3 = -y + a. Suppose y*l = 9*g - 5*g + 630, l = -3*g + 320. What are the prime factors of l?
317
Let h(m) = -8*m + 35. Suppose i + 30 = 12. List the prime factors of h(i).
179
Let p = -26 + 27. Let v(b) = 66*b - 2. What are the prime factors of v(p)?
2
Let m(i) = -2*i**3 - 24*i**2 - 49*i - 13. What are the prime factors of m(-16)?
2819
Let g = 32 + -28. Suppose -5*x = g*r - 401, 2*x + 3*r - 78 = x. List the prime factors of x.
3
Let q(h) = 7*h - 59. Let y(s) = s + 13. Let m be y(5). List the prime factors of q(m).
67
Suppose -6*y + 11769 + 6759 = 0. What are the prime factors of y?
2, 193
Let l = 9 + -6. Suppose 2*w - 81 = -2*t + l*w, t = 3*w + 48. Let h = t - 22. What are the prime factors of h?
17
What are the prime factors of (-2)/9 - 42*(-18452)/378?
2, 5, 41
Suppose -p + 3*h = 46, -2*p + 4*h - 9 = 81. Let u = 52 - p. List the prime factors of u.
5, 19
Suppose -5*k = 8 + 32. Let m be (-4)/k - 3412/(-8). Suppose 6*p = -p + m. What are the prime factors of p?
61
Let x(v) = 2*v**2 - 8*v - 25. What are the prime factors of x(20)?
3, 5, 41
Let f be (-40)/(-30)*(-9)/(-2). Let y(s) = -s**3 + 7*s**2 + 7*s + 6. What are the prime factors of y(f)?
2, 3, 7
Suppose 1460 = 12*w - 9*w - a, a = 2*w - 974. What are the prime factors of w?
2, 3
Suppose -2*p + 250 = 3*p. Let o(k) = k**3 + k + 3. Let y be o(0). Suppose 2*f + y*q - p = 0, q = -5*f + 6*f - 20. What are the prime factors of f?
2, 11
Suppose 3*r - 1855 = -2*k, 3*r - 3*k + 1009 = 2884. What are the prime factors of r?
3, 23
List the prime factors of 4438/4 + 2 - 16/(-32).
2, 139
Suppose -5*s - 3*p + 80 = 0, -6*s + 4*s = -5*p - 1. List the prime factors of (139/(-4))/(s/(-52)).
139
List the prime factors of 36/((64/(-180))/(-8)).
2, 3, 5
Suppose 3170 = 17*u - 3596. List the prime factors of u.
2, 199
Let m(h) = -h**2 - h + 1. Let z(o) = 2*o**2 + 13*o + 11. Let x(r) = -m(r) - z(r). Let j(c) = 3*c + 15. Let f be j(-8). List the prime factors of x(f).
3, 5
Suppose 14*c = 6 + 330. Suppose -c = -0*t - 3*t. What are the prime factors of t?
2
Suppose -40*x + 56040 = -13480. What are the prime factors of x?
2, 11, 79
What are the prime factors of (-4)/40*-331*36*5?
2, 3, 331
Suppose -4*o = 4*m - 43 - 5, o + 30 = 5*m. Suppose -b + 13 = m. Suppose 49 = v - b. What are the prime factors of v?
5, 11
Suppose -2*m = -5*l + 3012, 0 = l - 4*l - 3*m + 1824. What are the prime factors of l?
2, 151
Let a(g) = -g - 1. Let z be a(-3). What are the prime factors of 46/(-4)*(-4 + (z - 0))?
23
Let j(u) = -1. Let g(c) = -7*c + 25. Let a(b) = -g(b) + 4*j(b). List the prime factors of a(13).
2, 31
Let n(y) = -y**2 + 9*y + 12. Let k be n(10). Suppose 7 = -5*w + k. Let l = w + 54. What are the prime factors of l?
53
What are the prime factors of (-376)/235 - (-3818)/5?
2, 3, 127
Suppose -5 = j - 6. Suppose 2*v = 5*o + 115, -3*o - 10 = -j. What are the prime factors of v?
2, 5
Let j = 334 - 94. Suppose -7*l = -2*l - j. What are the prime factors of l?
2, 3
Let b be ((-12)/(-10))/(11/(-550)). What are the prime factors of (b/8)/(12/(-56))?
5, 7
Let h = -450 - -1074. What are the prime factors of h?
2, 3, 13
Suppose -3*r - 120 = 2*r. Suppose 5*m + 19 = -106. What are the prime factors of r/28*(-3 + m)?
2, 3
Let q(l) = l. Let m be q(4). Let h(i) = -i**2 - 6*i + 9. Let n be h(-7). Suppose 3*a + n*a = -4*o + 26, 0 = -o + 4*a - m. List the prime factors of o.
2
Let v(d) = -d**2 - 13*d - 6. Let o be v(-13). What are the prime factors of ((-6)/18)/(2/o) + 125?
2, 3, 7
Let i be ((-16)/(-3))/((-6)/(-450)). Suppose 0 = 10*y - 0*y - i. List the prime factors of y.
2, 5
Let u(l) = l + 14. Let i be u(-8). Suppose -2*v + 12 - i = 0. Suppose v*d = 17 + 109. List the prime factors of d.
2, 3, 7
Let v = -555 + 937. What are the prime factors of v?
2, 191
Let s be (-1392)/33 + 6/33. Let r be s/(-11) - (-4)/22. Let n(a) = -a**3 + 6*a**2 - 5*a + 2. What are the prime factors of n(r)?
2, 7
Suppose 3*f + 363 = -5*r - 0*f, -f + 143 = -2*r. List the prime factors of (-6)/(r/(-6)) + (-157)/(-2).
2, 3, 13
What are the prime factors of (-24)/3*3/6 - -540?
2, 67
Suppose -u = 25 - 15. Let h(q) = -q + 22. List the prime factors of h(u).
2
Let t(r) = -4*r - 30*r + 18 - 5*r - 3*r. List the prime factors of t(-3).
2, 3
Let t be 3/3 + -1 - -26. Let o be (-2)/(-4)*-1*t. Let u = o + 30. What are the prime factors of u?
17
Let v be -3 + 1/(2/22). Suppose -v*x + 4*x = -